2 + 4*q + 6. Let n be p(6). Let b = n + g. What are the prime factors of b?
2
Let j be 250/(-20)*(-84)/10. Suppose -5*n + 5*f + j = 0, 6*f = -3*n + 4*f + 63. What are the prime factors of n?
3, 7
Let l = -2 - -252. List the prime factors of l.
2, 5
Let i(x) = -4*x**3 - x**2 + 3*x - 2. Let b be i(3). Let p = b - -252. Suppose -p = -4*l - 34. List the prime factors of l.
3
Suppose 2*b - 2*h - 652 - 2102 = 0, -3*b = -4*h - 4131. What are the prime factors of b?
3, 17
Let o be (-351)/3 - ((-3)/1 + 3). Let b = 194 + o. List the prime factors of b.
7, 11
Let j(z) = -z**3 - 10*z**2 + 46*z + 156. List the prime factors of j(-15).
3, 197
Suppose -2*o - 3*o + 25 = 0. Suppose 0 = -0*x + x + o, -s = 4*x + 112. List the prime factors of s/(-3)*21/14.
2, 23
Let j(b) = b**3 + 12*b**2 - 2*b - 1. Let s(v) = -2*v**2 - 2*v. Let m = 6 - 4. Let k be s(m). What are the prime factors of j(k)?
23
Suppose -329*n = -318*n - 20636. List the prime factors of n.
2, 7, 67
Let q(g) = -2*g**3 - g**2 + g + 593. What are the prime factors of q(0)?
593
Let z(v) = v**3 + 15*v**2 - 14*v + 32. Let d be z(-16). Suppose d = 5*n + 7*n - 528. List the prime factors of n.
2, 11
Let z = -2567 - -4225. What are the prime factors of z?
2, 829
Let v be (2 + -6)*-1 - -4. Suppose 884 = v*r - 612. What are the prime factors of r?
11, 17
Let i = 0 - -3. Suppose -2*c = 4, -2*v - 4*c = -i*v + 24. List the prime factors of v.
2
Let o = 531 + -94. List the prime factors of o.
19, 23
Let n be (10 - 9)*(28 + 0). Suppose 3*h - 6 - 18 = 0. List the prime factors of ((-10)/h)/((-1)/n).
5, 7
Let p(l) = l**2 - 2*l + 3. Let a be p(2). Suppose g + 0*g = -a*n + 20, 3*g = -2*n + 11. What are the prime factors of n?
7
Suppose 2*y - 54 = 68. Suppose -2*r + 0*r - 66 = 0. Let l = y + r. List the prime factors of l.
2, 7
Suppose -4723 + 1622 = -7*h. List the prime factors of h.
443
Suppose 0 = -25*y + 531 + 17769. List the prime factors of y.
2, 3, 61
Suppose 6881 = 3*t - 5*s, 1 + 2 = -3*s. List the prime factors of t.
2, 3, 191
Suppose -4 = -3*w + 8. Suppose -2*u - y = u - 176, 5*y + 203 = w*u. What are the prime factors of u?
3, 19
Suppose -35*o + 3947 + 10928 = 0. What are the prime factors of o?
5, 17
Let w(h) = 4 - 4*h**3 - 9*h**3 - 5*h**2 + 12*h**3. Let y be w(-5). Suppose 3*r - 191 = 4*l, y*l + 356 = 5*r + 43. List the prime factors of r.
61
Let t be (990/25)/(10/25). Let z = -33 + t. List the prime factors of (z/4*2)/1.
3, 11
Suppose -9*i = -7*i - 850. What are the prime factors of i?
5, 17
Let m(w) = -w**2 + 9*w + 1. Let t be m(9). Suppose k + t = 0, 2*u + k - 46 = 23. List the prime factors of u.
5, 7
Let u = 35 + -34. Let i(x) = 107*x**3 + x**2. What are the prime factors of i(u)?
2, 3
Let l = -185 - -277. Suppose a - l = -35. List the prime factors of a.
3, 19
Suppose -3*u + 92 = -u. Let q = 129 - 89. Suppose -q = -v - 3*v - 4*k, 4*v - u = -k. List the prime factors of v.
2, 3
List the prime factors of ((-5)/10 - -2)*50.
3, 5
Let a(b) = -72*b - 36. What are the prime factors of a(-4)?
2, 3, 7
List the prime factors of (-643)/1*(-33 - -32).
643
Let r = -76 + -3. Let b = 241 + r. List the prime factors of b.
2, 3
Let t be 0 + 0*1/3. Suppose 3*y + t*y - 381 = 0. List the prime factors of y.
127
Let o be 9/3*(-5)/(-5). Suppose o*l + 2*f = 181, f = -l - 2*f + 58. List the prime factors of l.
61
Let s(o) = o**3 - 14*o**2 + 26*o + 22. Let m be s(12). Let d = 24 + m. What are the prime factors of d?
2, 5, 7
Suppose 5*x - 10414 = -2*i, -5*x - 17*i + 14*i + 10411 = 0. List the prime factors of x.
2, 521
Let l = 73 - 79. List the prime factors of -2*(705/(-12))/(-5)*l.
3, 47
Suppose 0 = 5*v - 3 - 27. Let f = v + 3. Let l = f - 5. List the prime factors of l.
2
Let g(j) = j**2 + 7*j + 7. Let m be g(-5). Let b be (-5)/(-2)*2 + m. Let k = 11 - b. List the prime factors of k.
3
Suppose 5*u - 1 = y, -y = -3*y + 2*u + 6. Suppose 3*k + 2*s + 5 = y*k, 0 = -4*k - 4*s + 80. Let m = k - 2. List the prime factors of m.
13
Suppose 0 = 9*l + 66 - 606. List the prime factors of l.
2, 3, 5
Let q be ((-9)/(-5))/(2 - (-11)/(-5)). List the prime factors of (-2 - -147)/((-3)/q*3).
5, 29
Suppose 2*z = -2*l + 648, l + 3 = -0*l. Let u = z - 147. What are the prime factors of u?
2, 3, 5
Suppose -4*p + 12 = 0, 5*p = -2*u + 3*p + 490. Let n = u - 170. What are the prime factors of n?
2, 3
Let x be 35*(4/5 - 5/(-25)). Let u = x - 26. What are the prime factors of u?
3
Let m be -3*(2 + -4) - 3. Suppose -y + m*i = -59, -2*y + 115 = -i - 2*i. What are the prime factors of y?
2, 7
Let v(w) = 6*w + 2. Let j(f) = 2*f + 10. Let u be j(6). Let n be ((-33)/u)/(1/(-2)). List the prime factors of v(n).
2, 5
Let i(n) be the second derivative of -5*n**3/6 - n**2/2 - 15*n. List the prime factors of i(-20).
3, 11
Let u = -23 - -26. Suppose -8*z + 20 = -u*z. Suppose z*x = 57 + 7. What are the prime factors of x?
2
Suppose 2*w = 5*i - 3*w - 8095, 0 = 2*i - w - 3239. What are the prime factors of i?
2, 3, 5
Suppose -6*z = -10*z + 24. Suppose -7 = -z*x + 5. List the prime factors of (1 + 1)/(x/53).
53
Suppose -80 = -4*q - 3*n + 62, -58 = -2*q + 5*n. Let f = -3 + 6. Suppose f*k - q = 4*b, k + 2*b = -k + 32. What are the prime factors of k?
2, 7
Suppose 3*u - 2*d = -4*d + 33, -21 = -2*u - d. What are the prime factors of 2 + u/((-27)/(-138))?
2, 3
Let n(x) = -33*x**2 + 2*x + 2. Let f be n(-4). List the prime factors of (f/(-10) - 2/5) + 0.
53
Let a(d) be the second derivative of -11*d**3/6 - 7*d**2 + 11*d. List the prime factors of a(-7).
3, 7
Let w(q) = -19*q + 5. Suppose 9 + 9 = -2*s. Let a be (-1)/(-2)*(s + 5). What are the prime factors of w(a)?
43
Let j(n) = n**2 - 1. Let d(r) = -r**3 - 10*r**2 - 15*r - 24. Let a(x) = -d(x) + 6*j(x). What are the prime factors of a(-15)?
2, 3
Let k = -15 - -15. Suppose 20 = -4*w, -2*w + k*w + 35 = 3*s. Let y = s + -3. What are the prime factors of y?
2, 3
Suppose -3*s = -8*s. Suppose -c + 3*a + 75 = -s*c, 0 = -5*c - 2*a + 290. What are the prime factors of c?
2, 3, 5
Suppose 4*t + 6*t = 160. Suppose -56 = t*p - 23*p. What are the prime factors of p?
2
Let f(y) = -60*y**2 + 4*y + 8. Let q = 16 - 9. Let d be f(q). What are the prime factors of d/(-52) - 2/(-13)?
2, 7
Suppose -z + 6 + 10 = 0. Let i(h) = h**2 - 10*h - 36. Let r be i(z). Suppose 4*j + r = 244. List the prime factors of j.
2, 23
Let x(y) be the first derivative of -23*y**2/2 - 11*y - 1. List the prime factors of x(-6).
127
Let z(h) = 6 + 13*h + 6 - 5 - 10*h. Let u(q) = -8*q - 21. Let s(f) = -2*u(f) - 7*z(f). What are the prime factors of s(-6)?
23
Suppose 0 = 5*s - 4*s - 31. Suppose -5*c - s = 4*p, 5*p = -3*c - 34 + 5. What are the prime factors of (c + -2 + 8)*1?
3
Suppose -2*m = 301 - 2465. List the prime factors of m.
2, 541
Let f be (-3 - (-4 + 1))/(4/2). What are the prime factors of 126 - 2*(2 + (f - 3))?
2
Let o(m) = 31*m**2 - 4*m - 7. Let i be o(-2). Suppose -130*h = -i*h - 1675. What are the prime factors of h?
5, 67
Suppose -542 = 5*a - 4*t, 4*t + 448 = 2*a - 6*a. Let b = -39 - a. What are the prime factors of b?
71
Suppose -9*o + 5*o + 44 = 0. Suppose 5*t = 146 - o. Let d = t + -16. List the prime factors of d.
11
Let k = -929 + 1445. List the prime factors of k.
2, 3, 43
Suppose 0*b = b + 3*l - 11, 0 = -b + 4*l + 11. Suppose -367 = -b*x + 381. List the prime factors of x.
2, 17
Suppose 21990 = 7*w + 1326. What are the prime factors of w?
2, 3, 41
Let h = 3690 + -2519. What are the prime factors of h?
1171
Suppose 5*a - 20 = -5*f, 5*f = -a - 3*a + 19. Suppose -s - 11 = -4*m, -2*s = a + 5. What are the prime factors of m?
2
Let r = -361 + 2821. What are the prime factors of r?
2, 3, 5, 41
Let q be 3/2*(-16 - -18). What are the prime factors of (-3 + 3)/q + 14?
2, 7
Suppose 28 - 1 = -j - 3*k, 0 = -4*k - 12. List the prime factors of 482/3 - (-12)/j.
2, 5
Let i(p) = 2*p**3 - 52*p**2 + 23*p + 19. What are the prime factors of i(26)?
617
Suppose -6 - 2 = -2*u. What are the prime factors of 2/u + 175/10?
2, 3
Suppose 2*c + 10 = 0, 0 - 71 = -v - c. List the prime factors of v.
2, 19
Let c be (-80)/(-3)*(-108)/(-15). Suppose 0 = f + 3*f - c. What are the prime factors of f?
2, 3
Suppose -9*o + 8*o = 0. Let b(u) = -u**3 + u**2 - u + 17. Let p be b(o). Let v = p + 6. What are the prime factors of v?
23
Suppose 3*q = -q + 8. Suppose 0 = 3*m - 9, -2*m + 20